{"id":65,"date":"2023-05-24T12:46:01","date_gmt":"2023-05-24T10:46:01","guid":{"rendered":"https:\/\/www.federicovalicenti.it\/?page_id=65"},"modified":"2023-07-26T23:42:49","modified_gmt":"2023-07-26T21:42:49","slug":"dove-vivo","status":"publish","type":"page","link":"https:\/\/www.lunarossaterranova.it\/?page_id=65","title":{"rendered":"Dove vivo"},"content":{"rendered":"\t\t<div data-elementor-type=\"wp-page\" data-elementor-id=\"65\" class=\"elementor elementor-65\">\n\t\t\t\t\t\t<section class=\"elementor-section elementor-top-section elementor-element elementor-element-5043fb5a elementor-section-boxed elementor-section-height-default elementor-section-height-default\" data-id=\"5043fb5a\" data-element_type=\"section\" data-e-type=\"section\">\n\t\t\t\t\t\t<div class=\"elementor-container elementor-column-gap-default\">\n\t\t\t\t\t<div class=\"elementor-column elementor-col-100 elementor-top-column elementor-element elementor-element-74d722b3\" data-id=\"74d722b3\" data-element_type=\"column\" data-e-type=\"column\">\n\t\t\t<div class=\"elementor-widget-wrap elementor-element-populated\">\n\t\t\t\t\t\t<div class=\"elementor-element elementor-element-515a7828 elementor-widget elementor-widget-text-editor\" data-id=\"515a7828\" data-element_type=\"widget\" data-e-type=\"widget\" data-widget_type=\"text-editor.default\">\n\t\t\t\t<div class=\"elementor-widget-container\">\n\t\t\t\t\t\t\t\t\t<p><\/p>\n<p>Terranova di Pollino \u00e8 situato a 926 metri s.l.m., con una popolazione di circa 1200 abitanti \u00e8 il paese pi\u00f9 all&#8217;interno nel Parco Nazionale del Pollino.\u00a0<em>Si arriva dalla Val Sarmento e la strada interna continua con una dorsale verso la Calabria Ionica che affianca le grotte del Raganello, ed un&#8217;altra dorsale verso la Calabria Tirrenica attraversando boschi e pianori popolati da cavalli liberi e orchidee selvatiche.<\/em>\u00a0Situato sotto il Monte Calvario, protetto da una timpa a cui ha &#8220;rubato&#8221; le pietre per le costruzioni delle proprie abitazioni, Terranova di Pollino si porge come un terrazzo che volge lo sguardo alle vette maestose del Parco Nazionale del Pollino.\u00a0<em>Ingresso naturale di accesso al Parco, l&#8217;aria pura, le fresche sorgenti, i territori incontaminati fanno di Terranova di Pollino uno scrigno di sapori e saperi dove le tradizioni e le usanze, tramandate da generazioni\u00a0in generazioni, offrono al visitatore sacra ospitalit\u00e0 e cultura dell&#8217;ambiente sano e pulito.<\/em>\u00a0Il paese &#8220;dell&#8217;Arte Zampognara&#8221; da\u00a0secoli coltiva la passione per la musica e la danza popolare.<\/p>\n<p><img fetchpriority=\"high\" decoding=\"async\" class=\"wp-image-1092 size-large aligncenter\" src=\"https:\/\/www.lunarossacademy.it\/wp-content\/uploads\/2023\/07\/photo_2023-07-23_03-14-52-e1690114415640-1024x624.jpg\" alt=\"\" width=\"525\" height=\"320\" srcset=\"https:\/\/www.lunarossaterranova.it\/wp-content\/uploads\/2023\/07\/photo_2023-07-23_03-14-52-e1690114415640-1024x624.jpg 1024w, https:\/\/www.lunarossaterranova.it\/wp-content\/uploads\/2023\/07\/photo_2023-07-23_03-14-52-e1690114415640-300x183.jpg 300w, https:\/\/www.lunarossaterranova.it\/wp-content\/uploads\/2023\/07\/photo_2023-07-23_03-14-52-e1690114415640-768x468.jpg 768w, https:\/\/www.lunarossaterranova.it\/wp-content\/uploads\/2023\/07\/photo_2023-07-23_03-14-52-e1690114415640-600x366.jpg 600w, https:\/\/www.lunarossaterranova.it\/wp-content\/uploads\/2023\/07\/photo_2023-07-23_03-14-52-e1690114415640.jpg 1280w\" sizes=\"(max-width: 525px) 100vw, 525px\" \/><\/p>\n<p>\u00a0<\/p>\n<p><\/p>\n<p>Maestri &#8220;zampognari&#8221; costruiscono a mano &#8220;zampogne e surdulline&#8221;, &#8220;ciaramelle e tamburelli&#8221;, tramandando i segreti dei suoni e degli accordi di questa nobile arte alle nuove generazioni.\u00a0<em>La gastronomia e i prodotti tipici abilmente trasformati da mani esperte, intrisi di tipicit\u00e0, riempiono le cucine dei ristoranti, delle trattorie, delle osterie e degli agriturismi di profumi e odori che raccontano l&#8217;unicit\u00e0 dei prodotti del territorio.<\/em>\u00a0Maestri di sci e guide ufficiali attraverso le escursioni guidate, itinerari in mountain bike, nordic walking, ciaspole e sci da fondo completano l&#8217;offerta per un turismo eco-sostenibile.\u00a0<em>La vegetazione, unica nel suo genere, si distingue per la grande ricchezza delle specie presenti che testimoniano la variet\u00e0 e la vastit\u00e0 del territorio tra cui il Pino Loricato (Pinus Leucodermis Ant.), nome che deriva dalla corteccia che l&#8217;avvolge, ricorda la corazza dei guerrieri romani, la Lorica. Il suo nome scientifico deriva da Leuco che significa bianco e dermis che significa pelle. Albero ultracentenario, qualcuno addirittura con pi\u00f9 di mille anni, per la sua bellezza \u00e8 stato scelto quale emblema del Parco Nazionale del Pollino.\u00a0<\/em>In questo stupendo territorio, luogo di grandi meraviglie naturalistiche, geologiche, ambientali e culturali, sorgono le Murge, di recente inserite nella rete dei Geoparchi tutelati dall&#8217;Unesco.<\/p>\n<p>\u00a0<\/p>\n<p><\/p>\n<p style=\"text-align: center;\"><strong><em>Terranova di Pollino&#8230; in questa parte di mondo dove sembra che la strada finisce, comincia la vita!<\/em><\/strong><\/p>\n<p><img decoding=\"async\" class=\"wp-image-1097 size-large aligncenter\" src=\"https:\/\/www.lunarossacademy.it\/wp-content\/uploads\/2023\/07\/photo_2023-07-23_14-16-33-1024x576.jpg\" alt=\"\" width=\"525\" height=\"295\" srcset=\"https:\/\/www.lunarossaterranova.it\/wp-content\/uploads\/2023\/07\/photo_2023-07-23_14-16-33-1024x576.jpg 1024w, https:\/\/www.lunarossaterranova.it\/wp-content\/uploads\/2023\/07\/photo_2023-07-23_14-16-33-300x169.jpg 300w, https:\/\/www.lunarossaterranova.it\/wp-content\/uploads\/2023\/07\/photo_2023-07-23_14-16-33-768x432.jpg 768w, https:\/\/www.lunarossaterranova.it\/wp-content\/uploads\/2023\/07\/photo_2023-07-23_14-16-33-600x338.jpg 600w, https:\/\/www.lunarossaterranova.it\/wp-content\/uploads\/2023\/07\/photo_2023-07-23_14-16-33.jpg 1280w\" sizes=\"(max-width: 525px) 100vw, 525px\" \/><\/p>\n<p><\/p>\t\t\t\t\t\t\t\t<\/div>\n\t\t\t\t<\/div>\n\t\t\t\t\t<\/div>\n\t\t<\/div>\n\t\t\t\t\t<\/div>\n\t\t<\/section>\n\t\t\t\t<\/div>\n\t\t","protected":false},"excerpt":{"rendered":"<p>Terranova di Pollino \u00e8 situato a 926 metri s.l.m., con una popolazione di circa 1200 abitanti \u00e8 il paese pi\u00f9 all&#8217;interno nel Parco Nazionale del Pollino.\u00a0Si arriva dalla Val Sarmento e la strada interna continua con una dorsale verso la Calabria Ionica che affianca le grotte del Raganello, ed un&#8217;altra dorsale verso la Calabria Tirrenica [&hellip;]<\/p>\n","protected":false},"author":1,"featured_media":0,"parent":0,"menu_order":0,"comment_status":"closed","ping_status":"closed","template":"","meta":{"iawp_total_views":597,"footnotes":""},"class_list":["post-65","page","type-page","status-publish","hentry"],"_links":{"self":[{"href":"https:\/\/www.lunarossaterranova.it\/index.php?rest_route=\/wp\/v2\/pages\/65","targetHints":{"allow":["GET"]}}],"collection":[{"href":"https:\/\/www.lunarossaterranova.it\/index.php?rest_route=\/wp\/v2\/pages"}],"about":[{"href":"https:\/\/www.lunarossaterranova.it\/index.php?rest_route=\/wp\/v2\/types\/page"}],"author":[{"embeddable":true,"href":"https:\/\/www.lunarossaterranova.it\/index.php?rest_route=\/wp\/v2\/users\/1"}],"replies":[{"embeddable":true,"href":"https:\/\/www.lunarossaterranova.it\/index.php?rest_route=%2Fwp%2Fv2%2Fcomments&post=65"}],"version-history":[{"count":11,"href":"https:\/\/www.lunarossaterranova.it\/index.php?rest_route=\/wp\/v2\/pages\/65\/revisions"}],"predecessor-version":[{"id":1103,"href":"https:\/\/www.lunarossaterranova.it\/index.php?rest_route=\/wp\/v2\/pages\/65\/revisions\/1103"}],"wp:attachment":[{"href":"https:\/\/www.lunarossaterranova.it\/index.php?rest_route=%2Fwp%2Fv2%2Fmedia&parent=65"}],"curies":[{"name":"wp","href":"https:\/\/api.w.org\/{rel}","templated":true}]}}