{"id":52,"date":"2023-05-24T12:41:43","date_gmt":"2023-05-24T10:41:43","guid":{"rendered":"https:\/\/www.federicovalicenti.it\/?page_id=52"},"modified":"2023-07-31T09:39:44","modified_gmt":"2023-07-31T07:39:44","slug":"chi-sono","status":"publish","type":"page","link":"https:\/\/www.lunarossaterranova.it\/?page_id=52","title":{"rendered":"Chi sono"},"content":{"rendered":"\t\t<div data-elementor-type=\"wp-page\" data-elementor-id=\"52\" class=\"elementor elementor-52\">\n\t\t\t\t\t\t<section class=\"elementor-section elementor-top-section elementor-element elementor-element-cc2b711 elementor-section-full_width elementor-section-height-default elementor-section-height-default\" data-id=\"cc2b711\" data-element_type=\"section\" data-e-type=\"section\">\n\t\t\t\t\t\t<div class=\"elementor-container elementor-column-gap-default\">\n\t\t\t\t\t<div class=\"elementor-column elementor-col-100 elementor-top-column elementor-element elementor-element-6fa1211\" data-id=\"6fa1211\" data-element_type=\"column\" data-e-type=\"column\">\n\t\t\t<div class=\"elementor-widget-wrap elementor-element-populated\">\n\t\t\t\t\t\t<div class=\"elementor-element elementor-element-56a6184 elementor-widget elementor-widget-ticrou_features_v1\" data-id=\"56a6184\" data-element_type=\"widget\" data-e-type=\"widget\" data-widget_type=\"ticrou_features_v1.default\">\n\t\t\t\t<div class=\"elementor-widget-container\">\n\t\t\t\t\t    \n    <!-- promotion-section -->\n    <section class=\"promotion-section sec-pad\">\n        <div class=\"auto-container\">\n\t\t\t            <div class=\"sec-title centred mb_45\">\n                <span class=\"sub-title\">Federico Valicenti<\/span>                <h2>La mia storia<\/h2>            <\/div>\n            \t\t\t            <div class=\"promotion-block-one\">\n                <div class=\"inner-box\">\n                    <div class=\"shape\" style=\"background-image: url(https:\/\/www.lunarossaterranova.it\/wp-content\/themes\/ticrou\/assets\/images\/shape\/shape-2.png);\"><\/div>                    <div class=\"row clearfix\">\n                        \n                                                \n\t\t\t\t\t\t                        <div class=\"col-lg-6 col-md-12 col-sm-12 image-column\">\n                            <div class=\"image-box\">\n                                <figure class=\"image\"><img decoding=\"async\" src=\"https:\/\/www.lunarossaterranova.it\/wp-content\/uploads\/2023\/05\/teaserbox_29927075.jpg\" alt=\"Awesome Image\"><\/figure>\n                            <\/div>\n                        <\/div>\n                                                <div class=\"col-lg-6 col-md-12 col-sm-12 content-column\">\n                            <div class=\"content-box\">\n                                <div class=\"content-shape\" style=\"background-image: url(https:\/\/www.lunarossaterranova.it\/wp-content\/themes\/ticrou\/assets\/images\/shape\/shape-9.png);\"><\/div>                                                                                                <p>Quando nacqui \u00a0era il 21 Marzo 1958, asserisce mia madre. Ed io nacqui, diceva Tot\u00f2, \u00a0a Cersosimo, (Pz) \u00a0ridente paesino della Val Sarmento. Valle situata nella Basilicata sud occidentale. Una bella valle che ha accolto nei secoli popoli da provenienza diversa. Diversit\u00e0 non solo geografica ma anche etnica. Una valle d\u2019accoglienza, con tutti i suoi limiti geografici, dove\u00a0 hanno convissuto per centinaia di anni mantenendo intatte le proprie diversit\u00e0 e tradizioni, rispettandosi ma non omologandosi, confondendosi. Uomini di etnia\u00a0 albanese che nel \u2018500 , hanno trovato nella Val sarmento una seconda terra che li ha protetti, custoditi e rispettati. Qui\u00a0 hanno fondato due piccole comunit\u00e0: San Costantino e San Paolo Albanese.<\/p>                                                            <\/div>\n                        <\/div>\n                        \n                                                \n                    <\/div>\n                <\/div>\n            <\/div>\n                        <div class=\"promotion-block-one\">\n                <div class=\"inner-box\">\n                    <div class=\"shape\" style=\"background-image: url(https:\/\/www.lunarossaterranova.it\/wp-content\/themes\/ticrou\/assets\/images\/shape\/shape-2.png);\"><\/div>                    <div class=\"row clearfix\">\n                        \n                                                \n                        <div class=\"col-lg-6 col-md-12 col-sm-12 content-column\">\n                            <div class=\"content-box\">\n                                <div class=\"content-shape\" style=\"background-image: url(https:\/\/www.lunarossaterranova.it\/wp-content\/themes\/ticrou\/assets\/images\/shape\/shape-9.png);\"><\/div>                                                                                                <p>Scavi archeologici hanno ritrovato nel territorio di Cersosimo\u00a0 tra cui la prima moneta italica,\u00a0 custoditi nei musei di Napoli e della Siritide a Policoro. Scavi archeologici, \u00a0mai posti a valido finanziamento,\u00a0 hanno portato alla luce reperti di importanza storica. Probabilmente i miei genitori, stanchi di essere considerati \u201creperti archeologici\u201d, ad un anno esatto dalla mia nascita, decisero di trasferirsi a Terranova di Pollino ed io andai con loro portandomi dietro i miei importanti nomi, Federico Libero. Come mio nonno, d\u2019altronde, Valicenti Federico Libero. Mentre pensavo a come avrei dovuto rispondere alla vita, proprietario e custode di nomi cos\u00ec \u201cpesanti\u201d, mia madre montava in groppa ad un mulo che\u00a0 mio padre teneva per la \u201ccapezza\u201d \u00a0e senza essere consultato iniziai il mio primo percorso di vita verso Terranova di Pollino. Mentre risalivo il torrente Sarmento, cinto dalle braccia di mia madre, \u00a0vedevo scomparire all\u2019orizzonte un paese che si ergeva a guardian\u00eca dell\u2019intera valle, come una sentinella \u00a0difendeva la mia risalita del Sarmento.<\/p>                                                            <\/div>\n                        <\/div>\n\t\t\t\t\t\t                        <div class=\"col-lg-6 col-md-12 col-sm-12 image-column\">\n                            <div class=\"image-box\">\n                                <figure class=\"image\"><img decoding=\"async\" src=\"https:\/\/www.lunarossaterranova.it\/wp-content\/uploads\/2023\/05\/teaserbox_50549392.jpg\" alt=\"Awesome Image\"><\/figure>\n                            <\/div>\n                        <\/div>\n                                                \n                                                \n                    <\/div>\n                <\/div>\n            <\/div>\n                        <div class=\"promotion-block-one\">\n                <div class=\"inner-box\">\n                    <div class=\"shape\" style=\"background-image: url(https:\/\/www.lunarossaterranova.it\/wp-content\/themes\/ticrou\/assets\/images\/shape\/shape-2.png);\"><\/div>                    <div class=\"row clearfix\">\n                        \n                                                \n\t\t\t\t\t\t                        <div class=\"col-lg-6 col-md-12 col-sm-12 image-column\">\n                            <div class=\"image-box\">\n                                <figure class=\"image\"><img decoding=\"async\" src=\"https:\/\/www.lunarossaterranova.it\/wp-content\/uploads\/2023\/05\/teaserbox_50566963.jpg\" alt=\"Awesome Image\"><\/figure>\n                            <\/div>\n                        <\/div>\n                                                <div class=\"col-lg-6 col-md-12 col-sm-12 content-column\">\n                            <div class=\"content-box\">\n                                <div class=\"content-shape\" style=\"background-image: url(https:\/\/www.lunarossaterranova.it\/wp-content\/themes\/ticrou\/assets\/images\/shape\/shape-9.png);\"><\/div>                                                                                                <p>Era l\u2019antica Noja, Stato mandamentale fino all\u2019Unit\u00e0 d\u2019Italia, oggi Noepoli. Era il mandamento che promulgava \u00a0sentenze e assoluzioni degli abitanti della zona. Anche qui un bel centro di documentazione dell\u2019antico Stato di Noja \u00a0non sarebbe male, chiss\u00e0 che ricchezza culturale porterebbe all\u2019intera valle, pensai tra me e me. Risalendo il fiume sulla sinistra sfioravo una delle pi\u00f9 antiche civilt\u00e0 harbereshe, San Paolo Albanese. Rimasi colpito dalla bellezza e dalla eleganza dei vestiti delle donne, sgargianti e colorati \u00a0come i loro volti chiari e luminosi. Dall\u2019altra parte del Sarmento, alla sinistra del torrente, si affacciava un altro paese di cultura harbereshe, San Costantino Albanese, anch\u2019esso costruito da \u00a0profughi albanesi, secondo la leggenda, guidati dal condottiero Scanderberg. Sicuramente \u00a0arrivati da zone differenti dell\u2019Albania, anche se sembra che parlino la stessa lingua. I vestiti hanno \u00a0sfumature diverse, probabilmente appartengono a clan \u00a0differenti \u00a0che hanno preso possesso dell\u2019altra parte del Sarmento, per non confondersi, per mantenere intatte le loro identit\u00e0. Lasciamo il torrente Sarmento e saliamo\u00a0 fino a 950 mt s.l.m.\n\nDal costone entriamo in un piccolo villaggio che sembra quasi una culla scavata nella montagna, Terranova di Pollino.This is the house!<\/p>                                                            <\/div>\n                        <\/div>\n                        \n                                                \n                    <\/div>\n                <\/div>\n            <\/div>\n                        <div class=\"promotion-block-one\">\n                <div class=\"inner-box\">\n                    <div class=\"shape\" style=\"background-image: url(https:\/\/www.lunarossaterranova.it\/wp-content\/themes\/ticrou\/assets\/images\/shape\/shape-2.png);\"><\/div>                    <div class=\"row clearfix\">\n                        \n                                                \n\t\t\t\t\t\t                        <div class=\"col-lg-6 col-md-12 col-sm-12 image-column\">\n                            <div class=\"image-box\">\n                                <figure class=\"image\"><img decoding=\"async\" src=\"https:\/\/www.lunarossaterranova.it\/wp-content\/uploads\/2023\/07\/PXL_20230407_170311748-scaled.jpg\" alt=\"Awesome Image\"><\/figure>\n                            <\/div>\n                        <\/div>\n                                                <div class=\"col-lg-6 col-md-12 col-sm-12 content-column\">\n                            <div class=\"content-box\">\n                                <div class=\"content-shape\" style=\"background-image: url(https:\/\/www.lunarossaterranova.it\/wp-content\/themes\/ticrou\/assets\/images\/shape\/shape-9.png);\"><\/div>                                                                                                <p>Questa \u00e8 la casa.\n\nQuesta sar\u00e0 la mia nuova culla, qui hanno deciso di vivere mia madre e mio padre.\n\nNon male, anzi direi bello, Terranova si presenta ai miei occhi come un grande balcone.Si affaccia su una bella e verde valle con le montagne a nascondere l\u2019orizzonte..\n\nMontagne che stanno di fronte, a pari altezza.\n\nMontagne con cui puoi discutere, parlare.\n\nMontagne che si riempiono di colori che armoniosamente cambiano di ora in ora\n\nMontagne che\u00a0 offrono una vegetazione variegata, intatta,diversamente bella.\n\nMontagne che non ti sovrastano, che non costringono ad alzare la testa e gli occhi per ammirarne le vette.\n\nMontagne che non ti soccombono, fanno parte di te, dei tuoi orizzonti, della tua vista e ti abitui subito a vivere in simbiosi con Madre natura e noti\u00a0 subito che non \u00e8 stata avara.\n\nIl giorno dopo il mio arrivo, pap\u00e0 mi va a registrare al nuovo\u00a0 comune di residenza.\u00a0\n<\/p>                                                            <\/div>\n                        <\/div>\n                        \n                                                \n                    <\/div>\n                <\/div>\n            <\/div>\n                        <div class=\"promotion-block-one\">\n                <div class=\"inner-box\">\n                    <div class=\"shape\" style=\"background-image: url(https:\/\/www.lunarossaterranova.it\/wp-content\/themes\/ticrou\/assets\/images\/shape\/shape-2.png);\"><\/div>                    <div class=\"row clearfix\">\n                        \n                                                \n                        <div class=\"col-lg-6 col-md-12 col-sm-12 content-column\">\n                            <div class=\"content-box\">\n                                <div class=\"content-shape\" style=\"background-image: url(https:\/\/www.lunarossaterranova.it\/wp-content\/themes\/ticrou\/assets\/images\/shape\/shape-9.png);\"><\/div>                                                                                                <p>Il solerte funzionario mi fa nascere il 22 marzo 1958.\n\nMa non ero nato il 21 secondo mia madre?\n\nNon \u00e8 che la cosa mi infastidisca, forse non potr\u00f2 mai conoscere davvero il mio oroscopo, forse non sapr\u00f2 mai il mio ascendente!\n\nMa d\u2019altronde \u00e8 possibile anche che inganni il mio destino, nascere in due giorni diversi non \u00e8 da tutti, saperlo ancora di pi\u00f9. Chiss\u00e0, non conoscendo il giorno della mia nascita il destino potrebbe anche imbrogliarsi e far finta che non sia mai nato e cosi da lasciarmi vivere a lungo, senza che mi richiami. Ecco i pro e i contro della vita.\n\nDi sicuro ho iniziato festeggiare tutte e due i miei giorni dividendo per gli amici il 21 marzo e per i parenti il 22 marzo. Il 21 festeggio Libero, il 22 Federico, altrimenti perch\u00e9 mi avrebbero affibbiato due nomi? Sar\u00e0 che sono\u00a0 nato a Cersosimo e per arrivare a Terranova dopo un anno \u00e8 stato conteggiato un giorno? Allora vuol dire che sono nel regno della vita slow.\n\nLo prendo come segno divino.\n\nLa mission della mia vita sar\u00e0 l\u2019arte dello slow. E cosa c\u2019e\u2019 di pi\u00f9 lento se non la vita dei paesi, dove la lentezza \u00e8 cultura, comunione, fratellanza, solidariet\u00e0. E cosa offre di meglio un paese slow se non il cibo e la sua arte nella manipolazione?\n\nEcce homo!\n\nDivento chef.<\/p>                                                            <\/div>\n                        <\/div>\n\t\t\t\t\t\t                        <div class=\"col-lg-6 col-md-12 col-sm-12 image-column\">\n                            <div class=\"image-box\">\n                                <figure class=\"image\"><img decoding=\"async\" src=\"https:\/\/www.lunarossaterranova.it\/wp-content\/uploads\/2023\/06\/DSC8151a-scaled.jpeg\" alt=\"Awesome Image\"><\/figure>\n                            <\/div>\n                        <\/div>\n                                                \n                                                \n                    <\/div>\n                <\/div>\n            <\/div>\n                    <\/div>\n    <\/section>\n    <!-- promotion-section end -->\n \n    \t\t\t\t<\/div>\n\t\t\t\t<\/div>\n\t\t\t\t\t<\/div>\n\t\t<\/div>\n\t\t\t\t\t<\/div>\n\t\t<\/section>\n\t\t\t\t<\/div>\n\t\t","protected":false},"excerpt":{"rendered":"<p>Federico Valicenti La mia storia Quando nacqui \u00a0era il 21 Marzo 1958, asserisce mia madre. Ed io nacqui, diceva Tot\u00f2, \u00a0a Cersosimo, (Pz) \u00a0ridente paesino della Val Sarmento. Valle situata nella Basilicata sud occidentale. Una bella valle che ha accolto nei secoli popoli da provenienza diversa. Diversit\u00e0 non solo geografica ma anche etnica. Una valle [&hellip;]<\/p>\n","protected":false},"author":1,"featured_media":0,"parent":0,"menu_order":0,"comment_status":"closed","ping_status":"closed","template":"tpl-default-elementor.php","meta":{"iawp_total_views":1880,"footnotes":""},"class_list":["post-52","page","type-page","status-publish","hentry"],"_links":{"self":[{"href":"https:\/\/www.lunarossaterranova.it\/index.php?rest_route=\/wp\/v2\/pages\/52","targetHints":{"allow":["GET"]}}],"collection":[{"href":"https:\/\/www.lunarossaterranova.it\/index.php?rest_route=\/wp\/v2\/pages"}],"about":[{"href":"https:\/\/www.lunarossaterranova.it\/index.php?rest_route=\/wp\/v2\/types\/page"}],"author":[{"embeddable":true,"href":"https:\/\/www.lunarossaterranova.it\/index.php?rest_route=\/wp\/v2\/users\/1"}],"replies":[{"embeddable":true,"href":"https:\/\/www.lunarossaterranova.it\/index.php?rest_route=%2Fwp%2Fv2%2Fcomments&post=52"}],"version-history":[{"count":15,"href":"https:\/\/www.lunarossaterranova.it\/index.php?rest_route=\/wp\/v2\/pages\/52\/revisions"}],"predecessor-version":[{"id":1464,"href":"https:\/\/www.lunarossaterranova.it\/index.php?rest_route=\/wp\/v2\/pages\/52\/revisions\/1464"}],"wp:attachment":[{"href":"https:\/\/www.lunarossaterranova.it\/index.php?rest_route=%2Fwp%2Fv2%2Fmedia&parent=52"}],"curies":[{"name":"wp","href":"https:\/\/api.w.org\/{rel}","templated":true}]}}